0*b - 15. What are the prime factors of u(-8)?
353
Suppose 0 = 4*l - 3 - 9. Suppose -l*j - j + 20 = 0. Suppose 16 = y - p, 0 = -7*y + 2*y - j*p + 40. What are the prime factors of y?
2, 3
Let s be (-2 - -2)/3 + 4. Suppose 0 = s*b - 0*d - 3*d - 216, d = -2*b + 98. List the prime factors of b.
3, 17
Let z = -2 + 5. Let j be (1/z)/((-6)/(-1098)). Suppose -2*q - 15 - j = -4*k, -4*k = -q - 76. List the prime factors of k.
19
Let y(x) be the third derivative of -x**6/120 + x**5/12 - x**3/3 - x**2. Let l be y(2). Suppose 0 = 4*f - l*f + 18. What are the prime factors of f?
3
Let n(w) = 2*w**2 - 17*w - 3. Let o be n(14). Let c = -89 + o. What are the prime factors of c?
2, 31
Let z(i) = -i**3 - 20*i**2 - 25*i - 13. Let k be z(-19). Let m = 158 + k. List the prime factors of m.
7, 37
Let o(f) = f**3 + 11*f**2 + 10*f + 2. Let c be o(-10). Suppose c*i + 0 = 132. What are the prime factors of i?
2, 3, 11
Let c(f) = 5*f + 2. Suppose 5 = -2*u + 3*u. What are the prime factors of c(u)?
3
What are the prime factors of ((-4052)/10)/(19/(-95))?
2, 1013
Let f = 525 - 369. Suppose 0 = -2*i + 4*l + f, 2*l - 330 = -i - 4*i. List the prime factors of i.
2, 17
Suppose 468 = -7*z + 468. Let t(p) = 9 - 3*p**3 + 41 + p + 2*p**3. List the prime factors of t(z).
2, 5
Suppose 0 = 2*i + 5*i - 1043. List the prime factors of i.
149
Let p be (22/8)/((-9)/(-180)). Let j = 135 - p. What are the prime factors of j?
2, 5
Let m = -39 + 59. Suppose 0*k - m = 2*k. Let j = -2 - k. What are the prime factors of j?
2
Let m(y) = 2*y + 19 + 19 + 4 - 15. List the prime factors of m(10).
47
Let y(c) = 119*c + 113. What are the prime factors of y(4)?
19, 31
Suppose 24*a = -7*a + 35092. List the prime factors of a.
2, 283
Let c = -431 + 786. Suppose -5*d + c = 5*y, 4*y - y - 225 = 3*d. Let m = y - 27. What are the prime factors of m?
2, 23
Let q(s) be the second derivative of s**3/6 + 25*s**2/2 - 2*s. List the prime factors of q(-15).
2, 5
Let r(c) = 6*c + 7 - 1 + 0*c. Let t be r(6). Suppose -4*p = -2*p - t. What are the prime factors of p?
3, 7
Let k = -381 + 402. What are the prime factors of k?
3, 7
Let m(j) = j**3 - 9*j**2 + 8*j + 4. Let w be 2/10 + 112/40. Suppose 16 = w*p - 2*v, v + 4*v - 20 = 0. List the prime factors of m(p).
2
Let d = 45 - -24. What are the prime factors of (40 - 0)/(5 - d/15)?
2, 5
Let g(a) = a**3 + 4*a**2 - 10*a + 10. Let o be g(4). Suppose -102*l + o*l = -324. What are the prime factors of l?
3
Let m(s) = -s + 6. Let i be m(10). Let a be (-280)/(-2)*(-2)/i. List the prime factors of (-20)/a - 270/(-14).
19
Suppose 4*y - 834 = -j, j - 543 = -2*y - 125. Suppose 0 = 3*z - 2*u - y, 3*u - 84 - 46 = -2*z. What are the prime factors of z?
2, 17
Let v = 103 - 39. Suppose 5*m = 3*m + v. List the prime factors of m.
2
Let x = 11 - -18. Let y = x - 23. Suppose -7*j + 41 = -y*j. List the prime factors of j.
41
Let n = -406 + 583. What are the prime factors of n?
3, 59
Let i be (-6 - 69)/(-1 + 0). Let n = 118 - i. What are the prime factors of n?
43
Let x = 0 - 0. Suppose -2*j = -2*g + 3*j + 109, x = -5*g + 4*j + 264. Suppose g + 28 = 5*d. List the prime factors of d.
2
Suppose n - 623 + 74 = -5*y, -2*y + 2178 = 4*n. Suppose -20*b + 24*b = n. What are the prime factors of b?
2, 17
Suppose k + 4 - 6 = 0. Suppose -2 = -0*u - u - 2*q, 2*q + 16 = k*u. List the prime factors of 172/u + (-12)/18.
2, 7
Let b(g) = g**3 + 18*g**2 - 19*g + 32. List the prime factors of b(-18).
2, 11, 17
Let k be 10 + (-3 - (2 + -3)). Suppose -4*p = k + 8. List the prime factors of (-42)/(-2) - (p - -3).
2, 11
Let j be 328/40 + (-2)/10. Suppose 3*s + n - j = 0, 0*n = -s - n. List the prime factors of (-2)/s*-6*1.
3
Let k(a) = a**3 + 14*a**2 + 32*a - 6. Let x be k(-11). Let r = -395 - -665. Suppose 2*s + r = x*m, m - 52 = -5*s + 29. List the prime factors of m.
2, 7
Suppose -2*t - 22 = 4*g, -2*g + 3*t = -1 - 8. Let z be g/(-6)*(8 + -2). Let v(d) = -d + 7. What are the prime factors of v(z)?
2
Let g(r) = 717*r**2 - 32*r + 63. What are the prime factors of g(2)?
47, 61
Let w be (32/(-6))/4*-3. Suppose 0*j + 2*m = 2*j + w, 14 = -j - 5*m. Let u(q) = q**3 + 5*q**2 + 2*q + 5. List the prime factors of u(j).
13
Let c(q) = -20*q + 211. List the prime factors of c(-9).
17, 23
Suppose 0 = d - 2*s + 17, 5 + 22 = -d + 4*s. Let y = d - -7. List the prime factors of (y - -23) + (-7)/7.
2, 11
Let a = -19 + 17. List the prime factors of (a - -4) + -6 + 43.
3, 13
Suppose 3*y - 2*y - 104 = 0. Let k = -73 + y. Let g = -12 + k. List the prime factors of g.
19
Let i(a) = -a**3 - a**2 + a - 4. Let k(s) = -s**3 - 6*s**2 + 6*s - 13. Let f be k(-7). List the prime factors of i(f).
2, 5, 17
Suppose -4*g - 3*d = -5*d - 8, -4*d = 2*g - 14. Suppose -4*i = -5*i + 6. Suppose 0 = g*x - i*x + 27. List the prime factors of x.
3
Let h(m) = m**3 - 6*m**2 + 3*m - 13. Let j be h(6). Suppose 0 = -2*v + j*l + 148, 2*v - 2*l - 200 = -v. What are the prime factors of v?
2
Let l(m) = 7*m**2 + m + 2. Suppose 8*r - 10*r - 14 = 0. What are the prime factors of l(r)?
2, 13
Let x(j) be the first derivative of j**2 + 12*j - 8. Let g be x(7). Suppose 0 + g = 2*c. What are the prime factors of c?
13
Let m = 2862 - 1868. Suppose 0 = -4*a - n + m, 2*a + 4*n - 462 - 28 = 0. What are the prime factors of a?
3, 83
Let v = 253 + 1448. What are the prime factors of v?
3, 7
Suppose -f = -0*f - 100. Let w be 918/45 - -12 - (-3)/5. Let p = f - w. What are the prime factors of p?
67
Let o = -1744 + 3354. What are the prime factors of o?
2, 5, 7, 23
List the prime factors of (15/(-12))/((-9)/(-36)) + 222.
7, 31
Suppose 8 = -5*z - 7, 4*u - z - 1327 = 0. What are the prime factors of u?
331
Let v(k) be the third derivative of 7/3*k**3 - 1/4*k**4 + 0 + 0*k + 7*k**2. List the prime factors of v(-5).
2, 11
Let m = -210 + 78. Let i = 120 - m. List the prime factors of i.
2, 3, 7
Let p(s) = 2*s**2 - 7*s + 1. What are the prime factors of p(4)?
5
Let q = -23 + 28. Let b be q - -1*(3 - 2). Suppose b*h - 5*h - 24 = 0. List the prime factors of h.
2, 3
Suppose 30*z - 3928 = 19352. List the prime factors of z.
2, 97
Let d = -74 - -576. List the prime factors of d.
2, 251
Let y(g) = 3*g**2 + 9*g - 3*g - 4 - 6*g. Let a be y(-3). Suppose m - a - 1 = 0. What are the prime factors of m?
2, 3
Suppose 4*y - 22 = -3*h, -5*h + 22 = 4*y - y. Let z(t) = -2*t**2 - 4*t**h + 10 + 5*t**2 - 13*t. What are the prime factors of z(-11)?
2
Let m = -20 - -11. Let a(t) = t**2 + 5*t + 12. Let f be a(m). Suppose d - f = -5*l, 3*l + 3*d = 4*l. List the prime factors of l.
3
Let x = 200 + -132. Let o be ((-21)/(-4))/((-3)/24). Let t = x + o. What are the prime factors of t?
2, 13
Let n = -1374 + 2005. List the prime factors of n.
631
Suppose 14*b - 11*b = -21. Let n = b + 12. Suppose 175 = 4*i + 4*c - 25, 250 = n*i + 4*c. What are the prime factors of i?
2, 5
Let q(f) be the second derivative of f**5/20 + f**4/2 - f**3/3 - f**2 + f - 8. Let i = 4 - 7. List the prime factors of q(i).
31
Let q = 41 - 5. What are the prime factors of q?
2, 3
What are the prime factors of (-509)/((-5)/10 + -1 - -1)?
2, 509
Suppose -2768 = -5*c + 2*b, 5*b + 2228 = c + 3*c. Let r = -297 + c. What are the prime factors of r?
3, 5, 17
Suppose -2*p + 15 = 3. Suppose p = -x - 2*x. List the prime factors of 17 + 0 + x + 2.
17
Let y(d) be the second derivative of -d**3/3 - 19*d**2/2 + 20*d. Let r = -36 + 20. What are the prime factors of y(r)?
13
Suppose 5*q - 3*o - 2490 = 0, 0*o - 1005 = -2*q + 3*o. Suppose -q = -3*b + 492. List the prime factors of b.
7, 47
Suppose 0 = -4*b + 2*m + 22, -b - 3*m = -1 - 1. Suppose -b*f + 112 = -303. List the prime factors of f.
83
Let o(s) = 56*s + 28. List the prime factors of o(3).
2, 7
Let f be (0 - 1)/(2/2). What are the prime factors of (-6)/24 + 274/8 + f?
3, 11
Let v(x) = 85*x + 317. List the prime factors of v(8).
997
Suppose -q - 3*j + 8*j = -24, 3*q = 3*j + 24. Suppose 2 + 6 = q*y. Suppose y*v - 4*v = -24. What are the prime factors of v?
2, 3
Suppose 9 = 2*k - 47. Let w be 76/k + 4/14. Suppose 235 = w*q + 2*q. List the prime factors of q.
47
Suppose -2*m + 60 = -44. Let o = m - 46. List the prime factors of o.
2, 3
Let i be ((-1 - 0) + -2)*(-22)/33. Suppose i*s = 27 + 21. List the prime factors of s.
2, 3
Suppose 0 = 4*t + 12, 4*y + 3*t + 70 - 9 = 0. Let p = y - -12. Let o = p - -6.